{"id":1921,"date":"2024-01-09T10:53:13","date_gmt":"2024-01-09T07:53:13","guid":{"rendered":"https:\/\/pulsar-deluxe.de\/?product=ein-aus-schalter-serien-wechselschalter-steckdose-inkl-glasrahmen-2"},"modified":"2025-04-14T13:35:49","modified_gmt":"2025-04-14T11:35:49","slug":"ein-aus-schalter-serien-wechselschalter-steckdose-inkl-glasrahmen-2","status":"publish","type":"product","link":"https:\/\/pulsar-deluxe.de\/?product=ein-aus-schalter-serien-wechselschalter-steckdose-inkl-glasrahmen-2","title":{"rendered":"Schalter\/Serienwechselschalter\/Steckdose 3-Fach Glas"},"content":{"rendered":"<p>Komplett Set Ein-Aus Schalter\/Serien-Wechselschalter\/Steckdose im 3-Fach Glasrahmen f\u00fcr die DE Standard Unterputzdose 60mm.<\/p>\n<p><strong>Modernes Design<\/strong> &#8211; Schalter und Steckdosen aus Glas ist eine stilvolle und praktische L\u00f6sung, die zu jeder Inneneinrichtung passt. Die Unterputzlichtschalter mit Steckdose sind f\u00fcr die Installation in Wohn- und Schlafzimmer, K\u00fcche und B\u00fcro geeignet.<\/p>\n<p><strong>Lange Lebensdauer<\/strong> &#8211; Die Schalter und Steckdosen sind aus geh\u00e4rtetem Glas und feuerfestem Kunststoff gefertigt, sind Sto\u00df- und Kratzfest und extrem Pflegeleicht. Das Erscheinungsbild der Schalter bleibt jahrelang hervorragend.<\/p>\n<p><strong>Einfache Installation<\/strong> &#8211; Komplett Set Ein-Aus Schalter\/Serien-Wechselschalter\/Steckdose ist f\u00fcr die Unterputz-Installation geeignet. Die Installation kann horizontal oder vertikal erfolgen.<\/p>\n","protected":false},"excerpt":{"rendered":"<p>Komplett Set Ein-Aus Schalter\/Serien-Wechselschalter\/Steckdose im 3-Fach Glasrahmen f\u00fcr die DE Standard Unterputzdose 60mm. Modernes Design &#8211; Schalter und Steckdosen aus<\/p>\n","protected":false},"featured_media":2632,"comment_status":"open","ping_status":"closed","template":"","meta":{"om_disable_all_campaigns":false,"_monsterinsights_skip_tracking":false,"_monsterinsights_sitenote_active":false,"_monsterinsights_sitenote_note":"","_monsterinsights_sitenote_category":0},"product_brand":[],"product_cat":[124,119],"product_tag":[164,166,163],"class_list":{"0":"post-1921","1":"product","2":"type-product","3":"status-publish","4":"has-post-thumbnail","6":"product_cat-ein-aus-schalter-wechselschalter-steckdose","7":"product_cat-lichtschalter-mit-steckdosen","8":"product_tag-doppelt","9":"product_tag-steckdosen-mit-schalter","10":"product_tag-wechselschalter","11":"pa_color-grau","12":"pa_color-schwarz","13":"pa_color-weis","15":"first","16":"instock","17":"shipping-taxable","18":"purchasable","19":"product-type-variable","20":"has-default-attributes","21":"wvs-archive-product-wrapper"},"aioseo_notices":[],"_links":{"self":[{"href":"https:\/\/pulsar-deluxe.de\/index.php?rest_route=\/wp\/v2\/product\/1921","targetHints":{"allow":["GET"]}}],"collection":[{"href":"https:\/\/pulsar-deluxe.de\/index.php?rest_route=\/wp\/v2\/product"}],"about":[{"href":"https:\/\/pulsar-deluxe.de\/index.php?rest_route=\/wp\/v2\/types\/product"}],"replies":[{"embeddable":true,"href":"https:\/\/pulsar-deluxe.de\/index.php?rest_route=%2Fwp%2Fv2%2Fcomments&post=1921"}],"version-history":[{"count":7,"href":"https:\/\/pulsar-deluxe.de\/index.php?rest_route=\/wp\/v2\/product\/1921\/revisions"}],"predecessor-version":[{"id":5520,"href":"https:\/\/pulsar-deluxe.de\/index.php?rest_route=\/wp\/v2\/product\/1921\/revisions\/5520"}],"wp:featuredmedia":[{"embeddable":true,"href":"https:\/\/pulsar-deluxe.de\/index.php?rest_route=\/wp\/v2\/media\/2632"}],"wp:attachment":[{"href":"https:\/\/pulsar-deluxe.de\/index.php?rest_route=%2Fwp%2Fv2%2Fmedia&parent=1921"}],"wp:term":[{"taxonomy":"product_brand","embeddable":true,"href":"https:\/\/pulsar-deluxe.de\/index.php?rest_route=%2Fwp%2Fv2%2Fproduct_brand&post=1921"},{"taxonomy":"product_cat","embeddable":true,"href":"https:\/\/pulsar-deluxe.de\/index.php?rest_route=%2Fwp%2Fv2%2Fproduct_cat&post=1921"},{"taxonomy":"product_tag","embeddable":true,"href":"https:\/\/pulsar-deluxe.de\/index.php?rest_route=%2Fwp%2Fv2%2Fproduct_tag&post=1921"}],"curies":[{"name":"wp","href":"https:\/\/api.w.org\/{rel}","templated":true}]}}