{"id":1922,"date":"2024-01-09T10:53:14","date_gmt":"2024-01-09T07:53:14","guid":{"rendered":"https:\/\/pulsar-deluxe.de\/?product=ein-aus-schalter-wechselschalter-inkl-glasrahmen-2"},"modified":"2025-04-14T13:35:49","modified_gmt":"2025-04-14T11:35:49","slug":"ein-aus-schalter-wechselschalter-inkl-glasrahmen-2","status":"publish","type":"product","link":"https:\/\/pulsar-deluxe.de\/?product=ein-aus-schalter-wechselschalter-inkl-glasrahmen-2","title":{"rendered":"Ein-Aus Schalter\/Wechselschalter 2-Fach Glas"},"content":{"rendered":"<p>Komplett Set Ein-Aus Schalter\/Wechselschalter im 2-Fach Glasrahmen.<\/p>\n<p>Modernes Design &#8211; Schalter aus Glas ist eine stilvolle und praktische L\u00f6sung, die zu jeder Inneneinrichtung passt. Die Unterputzlichtschalter sind f\u00fcr die Installation in Wohn- und Schlafzimmer, K\u00fcche und B\u00fcro geeignet.<\/p>\n<p>Lange Lebensdauer &#8211; Die Lichtschalter sind aus geh\u00e4rtetem Glas und feuerfestem Kunststoff gefertigt, sind Sto\u00df- und Kratzfest und extrem Pflegeleicht. Das Erscheinungsbild der Schalter bleibt jahrelang hervorragend.<\/p>\n<p>Einfache Installation &#8211; Komplett Set Ein-Aus Schalter\/Wechselschalter ist f\u00fcr die Unterputz-Installation geeignet. Die Installation kann horizontal oder vertikal erfolgen.<\/p>\n","protected":false},"excerpt":{"rendered":"<p>Komplett Set Ein-Aus Schalter\/Wechselschalter im 2-Fach Glasrahmen. Modernes Design &#8211; Schalter aus Glas ist eine stilvolle und praktische L\u00f6sung, die<\/p>\n","protected":false},"featured_media":3346,"comment_status":"open","ping_status":"closed","template":"","meta":{"om_disable_all_campaigns":false,"_monsterinsights_skip_tracking":false,"_monsterinsights_sitenote_active":false,"_monsterinsights_sitenote_note":"","_monsterinsights_sitenote_category":0},"product_brand":[],"product_cat":[124,119],"product_tag":[162,163],"class_list":{"0":"post-1922","1":"product","2":"type-product","3":"status-publish","4":"has-post-thumbnail","6":"product_cat-ein-aus-schalter-wechselschalter-steckdose","7":"product_cat-lichtschalter-mit-steckdosen","8":"product_tag-ein-aus-schalter","9":"product_tag-wechselschalter","10":"pa_color-grau","11":"pa_color-schwarz","12":"pa_color-weis","14":"first","15":"instock","16":"shipping-taxable","17":"purchasable","18":"product-type-variable","19":"has-default-attributes","20":"wvs-archive-product-wrapper"},"aioseo_notices":[],"_links":{"self":[{"href":"https:\/\/pulsar-deluxe.de\/index.php?rest_route=\/wp\/v2\/product\/1922","targetHints":{"allow":["GET"]}}],"collection":[{"href":"https:\/\/pulsar-deluxe.de\/index.php?rest_route=\/wp\/v2\/product"}],"about":[{"href":"https:\/\/pulsar-deluxe.de\/index.php?rest_route=\/wp\/v2\/types\/product"}],"replies":[{"embeddable":true,"href":"https:\/\/pulsar-deluxe.de\/index.php?rest_route=%2Fwp%2Fv2%2Fcomments&post=1922"}],"version-history":[{"count":6,"href":"https:\/\/pulsar-deluxe.de\/index.php?rest_route=\/wp\/v2\/product\/1922\/revisions"}],"predecessor-version":[{"id":5493,"href":"https:\/\/pulsar-deluxe.de\/index.php?rest_route=\/wp\/v2\/product\/1922\/revisions\/5493"}],"wp:featuredmedia":[{"embeddable":true,"href":"https:\/\/pulsar-deluxe.de\/index.php?rest_route=\/wp\/v2\/media\/3346"}],"wp:attachment":[{"href":"https:\/\/pulsar-deluxe.de\/index.php?rest_route=%2Fwp%2Fv2%2Fmedia&parent=1922"}],"wp:term":[{"taxonomy":"product_brand","embeddable":true,"href":"https:\/\/pulsar-deluxe.de\/index.php?rest_route=%2Fwp%2Fv2%2Fproduct_brand&post=1922"},{"taxonomy":"product_cat","embeddable":true,"href":"https:\/\/pulsar-deluxe.de\/index.php?rest_route=%2Fwp%2Fv2%2Fproduct_cat&post=1922"},{"taxonomy":"product_tag","embeddable":true,"href":"https:\/\/pulsar-deluxe.de\/index.php?rest_route=%2Fwp%2Fv2%2Fproduct_tag&post=1922"}],"curies":[{"name":"wp","href":"https:\/\/api.w.org\/{rel}","templated":true}]}}