{"id":1932,"date":"2024-01-09T10:53:19","date_gmt":"2024-01-09T07:53:19","guid":{"rendered":"https:\/\/pulsar-deluxe.de\/?product=rollladenschalter-inkl-glasrahmen"},"modified":"2025-04-14T13:35:48","modified_gmt":"2025-04-14T11:35:48","slug":"rollladenschalter-inkl-glasrahmen","status":"publish","type":"product","link":"https:\/\/pulsar-deluxe.de\/?product=rollladenschalter-inkl-glasrahmen","title":{"rendered":"Rollladenschalter Unterputz 1-Fach mit Glasrahmen"},"content":{"rendered":"<p><strong>Hohe Funktionalit\u00e4t<\/strong> &#8211; Rollos oder Rolll\u00e4den k\u00f6nnen mit diesem Rollladenschalter einfach gesteuert werden. Der Einbau eines Markisenschalters sorgt f\u00fcr ein \u00e4sthetisches Erscheinungsbild und zus\u00e4tzlichen Komfort.<\/p>\n<p><strong>Modernes Design<\/strong> &#8211; Der Jalousietaster mit Glasrahmen ist eine stilvolle, moderne und praktische L\u00f6sung, die zu jeder Inneneinrichtung passt. Der Schalter ist f\u00fcr die Installation in Wohn- und Schlafzimmer, K\u00fcche, Bad und B\u00fcro geeignet.<\/p>\n<p><strong>Lange Lebensdauer<\/strong> &#8211; Der Rolloschalter ist aus geh\u00e4rtetem Glas und feuerfestem Kunststoff gefertigt, ist Sto\u00df- und Kratzfest und extrem Pflegeleicht. Das Erscheinungsbild der Schalter bleibt jahrelang hervorragend.<\/p>\n","protected":false},"excerpt":{"rendered":"<p>Hohe Funktionalit\u00e4t &#8211; Rollos oder Rolll\u00e4den k\u00f6nnen mit diesem Rollladenschalter einfach gesteuert werden. Der Einbau eines Markisenschalters sorgt f\u00fcr ein<\/p>\n","protected":false},"featured_media":2586,"comment_status":"open","ping_status":"closed","template":"","meta":{"om_disable_all_campaigns":false,"_monsterinsights_skip_tracking":false,"_monsterinsights_sitenote_active":false,"_monsterinsights_sitenote_note":"","_monsterinsights_sitenote_category":0},"product_brand":[],"product_cat":[84,126],"product_tag":[167,168],"class_list":{"0":"post-1932","1":"product","2":"type-product","3":"status-publish","4":"has-post-thumbnail","6":"product_cat-jalousietaster","7":"product_cat-rollladenschalter-steckdose","8":"product_tag-jalousietaster","9":"product_tag-steckdose-mit-jalousietaster","10":"pa_color-grau","11":"pa_color-schwarz","12":"pa_color-weis","14":"first","15":"instock","16":"shipping-taxable","17":"purchasable","18":"product-type-variable","19":"wvs-archive-product-wrapper"},"aioseo_notices":[],"_links":{"self":[{"href":"https:\/\/pulsar-deluxe.de\/index.php?rest_route=\/wp\/v2\/product\/1932","targetHints":{"allow":["GET"]}}],"collection":[{"href":"https:\/\/pulsar-deluxe.de\/index.php?rest_route=\/wp\/v2\/product"}],"about":[{"href":"https:\/\/pulsar-deluxe.de\/index.php?rest_route=\/wp\/v2\/types\/product"}],"replies":[{"embeddable":true,"href":"https:\/\/pulsar-deluxe.de\/index.php?rest_route=%2Fwp%2Fv2%2Fcomments&post=1932"}],"version-history":[{"count":7,"href":"https:\/\/pulsar-deluxe.de\/index.php?rest_route=\/wp\/v2\/product\/1932\/revisions"}],"predecessor-version":[{"id":5646,"href":"https:\/\/pulsar-deluxe.de\/index.php?rest_route=\/wp\/v2\/product\/1932\/revisions\/5646"}],"wp:featuredmedia":[{"embeddable":true,"href":"https:\/\/pulsar-deluxe.de\/index.php?rest_route=\/wp\/v2\/media\/2586"}],"wp:attachment":[{"href":"https:\/\/pulsar-deluxe.de\/index.php?rest_route=%2Fwp%2Fv2%2Fmedia&parent=1932"}],"wp:term":[{"taxonomy":"product_brand","embeddable":true,"href":"https:\/\/pulsar-deluxe.de\/index.php?rest_route=%2Fwp%2Fv2%2Fproduct_brand&post=1932"},{"taxonomy":"product_cat","embeddable":true,"href":"https:\/\/pulsar-deluxe.de\/index.php?rest_route=%2Fwp%2Fv2%2Fproduct_cat&post=1932"},{"taxonomy":"product_tag","embeddable":true,"href":"https:\/\/pulsar-deluxe.de\/index.php?rest_route=%2Fwp%2Fv2%2Fproduct_tag&post=1932"}],"curies":[{"name":"wp","href":"https:\/\/api.w.org\/{rel}","templated":true}]}}