{"id":1943,"date":"2024-01-09T10:53:24","date_gmt":"2024-01-09T07:53:24","guid":{"rendered":"https:\/\/pulsar-deluxe.de\/?product=usb-internet-dose-steckdose-inkl-glasrahmen"},"modified":"2025-04-14T13:35:47","modified_gmt":"2025-04-14T11:35:47","slug":"usb-internet-dose-steckdose-inkl-glasrahmen","status":"publish","type":"product","link":"https:\/\/pulsar-deluxe.de\/?product=usb-internet-dose-steckdose-inkl-glasrahmen","title":{"rendered":"USB Steckdose\/Internet Dose\/Steckdose 2-Fach Wei\u00df Glas"},"content":{"rendered":"<p>USB Steckdose (USB A Anschluss) mit Netzwerkdose 1x RJ45 Port\/8P8C Buchse<\/p>\n<p><strong>Qualit\u00e4t und Zuverl\u00e4ssigkeit<\/strong> -Steckdose\/Internet Steckdose mit USB A Anschluss ist aus hochwertigen Materialien gefertigt: Glas, Metall, feuerfester Kunststoff. Sie k\u00f6nnen sicher sein, dass unsere Steckdosen mit Glasrahmen Ihnen viele Jahre lang dienen werden.<\/p>\n<p><strong>Kindersicherung<\/strong> &#8211; Die Steckdose ist mit einer eingebauten Kindersicherung ausgestattet, die ein versehentliches Ber\u00fchren verhindert und ein zus\u00e4tzliches Ma\u00df an Sicherheit bietet.<\/p>\n<p><strong>Einfach zu bedienen<\/strong> &#8211; Unsere Steckdosen sind schnell und einfach zu installieren. Komplett Set Steckdose\/Netzwerkdose\/USB-Steckdose geeignet f\u00fcr Standard-Unterputzdose DE 60 mm. Die Steckdose kann sowohl senkrecht als auch waagerecht montiert werden.<\/p>\n<p><strong>Design<\/strong> &#8211; Komplett Set Steckdose\/Netzwerkdose\/USB-Steckdose ist eine Kombination aus \u00c4sthetik, Funktionalit\u00e4t und Sicherheit. Sein elegantes Design macht ihn zu einer attraktiven L\u00f6sung f\u00fcr jedes Interieur.<\/p>\n","protected":false},"excerpt":{"rendered":"<p>USB Steckdose (USB A Anschluss) mit Netzwerkdose 1x RJ45 Port\/8P8C Buchse Qualit\u00e4t und Zuverl\u00e4ssigkeit -Steckdose\/Internet Steckdose mit USB A Anschluss<\/p>\n","protected":false},"featured_media":3191,"comment_status":"open","ping_status":"closed","template":"","meta":{"om_disable_all_campaigns":false,"_monsterinsights_skip_tracking":false,"_monsterinsights_sitenote_active":false,"_monsterinsights_sitenote_note":"","_monsterinsights_sitenote_category":0},"product_brand":[],"product_cat":[129,87,130],"product_tag":[171,173,159],"class_list":{"0":"post-1943","1":"product","2":"type-product","3":"status-publish","4":"has-post-thumbnail","6":"product_cat-internet-dose","7":"product_cat-netzwerkdosen","8":"product_cat-usb-internet-dose-steckdose","9":"product_tag-dsl-dose","10":"product_tag-usb-dose","11":"product_tag-weis","12":"pa_color-grau","13":"pa_color-schwarz","14":"pa_color-weis","16":"first","17":"instock","18":"shipping-taxable","19":"purchasable","20":"product-type-variable","21":"wvs-archive-product-wrapper"},"aioseo_notices":[],"_links":{"self":[{"href":"https:\/\/pulsar-deluxe.de\/index.php?rest_route=\/wp\/v2\/product\/1943","targetHints":{"allow":["GET"]}}],"collection":[{"href":"https:\/\/pulsar-deluxe.de\/index.php?rest_route=\/wp\/v2\/product"}],"about":[{"href":"https:\/\/pulsar-deluxe.de\/index.php?rest_route=\/wp\/v2\/types\/product"}],"replies":[{"embeddable":true,"href":"https:\/\/pulsar-deluxe.de\/index.php?rest_route=%2Fwp%2Fv2%2Fcomments&post=1943"}],"version-history":[{"count":5,"href":"https:\/\/pulsar-deluxe.de\/index.php?rest_route=\/wp\/v2\/product\/1943\/revisions"}],"predecessor-version":[{"id":3770,"href":"https:\/\/pulsar-deluxe.de\/index.php?rest_route=\/wp\/v2\/product\/1943\/revisions\/3770"}],"wp:featuredmedia":[{"embeddable":true,"href":"https:\/\/pulsar-deluxe.de\/index.php?rest_route=\/wp\/v2\/media\/3191"}],"wp:attachment":[{"href":"https:\/\/pulsar-deluxe.de\/index.php?rest_route=%2Fwp%2Fv2%2Fmedia&parent=1943"}],"wp:term":[{"taxonomy":"product_brand","embeddable":true,"href":"https:\/\/pulsar-deluxe.de\/index.php?rest_route=%2Fwp%2Fv2%2Fproduct_brand&post=1943"},{"taxonomy":"product_cat","embeddable":true,"href":"https:\/\/pulsar-deluxe.de\/index.php?rest_route=%2Fwp%2Fv2%2Fproduct_cat&post=1943"},{"taxonomy":"product_tag","embeddable":true,"href":"https:\/\/pulsar-deluxe.de\/index.php?rest_route=%2Fwp%2Fv2%2Fproduct_tag&post=1943"}],"curies":[{"name":"wp","href":"https:\/\/api.w.org\/{rel}","templated":true}]}}