{"id":1950,"date":"2024-01-09T10:53:29","date_gmt":"2024-01-09T07:53:29","guid":{"rendered":"https:\/\/pulsar-deluxe.de\/?product=internet-telefon-steckdose-steckdose-inkl-glasrahmen"},"modified":"2025-04-14T13:35:47","modified_gmt":"2025-04-14T11:35:47","slug":"internet-telefon-steckdose-steckdose-inkl-glasrahmen","status":"publish","type":"product","link":"https:\/\/pulsar-deluxe.de\/?product=internet-telefon-steckdose-steckdose-inkl-glasrahmen","title":{"rendered":"Internet-Telefondose\/Steckdose\/Steckdose 3-Fach Schwarz Glas"},"content":{"rendered":"<p><strong>Praktisch<\/strong> &#8211; Internet- und Telefondose mit Schuko Steckdosen in einem einzigen Glasrahmen bieten Komfort, Funktionalit\u00e4t und Platzersparnis, was sie zu einer attraktiven Option f\u00fcr Heim und B\u00fcro macht.<\/p>\n<p><strong>Kindersicherung<\/strong> &#8211; Die Steckdose ist mit einer eingebauten Kindersicherung ausgestattet, die ein versehentliches Ber\u00fchren verhindert und ein zus\u00e4tzliches Ma\u00df an Sicherheit bietet.<\/p>\n<p><strong>Moderne \u00c4sthetik<\/strong> &#8211; Kombination aus Steckdosen, Telefonbuchse und LAN Dose\/Internet Steckdose im Glasrahmen verleiht der Einrichtung Leichtigkeit und Stil und passt perfekt in moderne und minimalistische Interieurs.<\/p>\n<p><strong>Qualit\u00e4t und Zuverl\u00e4ssigkeit<\/strong> &#8211; Die Anschlussdose besteht aus geh\u00e4rtetem Glas und feuerfestem Kunststoff, ist sto\u00df- und kratzfest und \u00e4u\u00dferst pflegeleicht. \u00dcber Jahre hinweg beh\u00e4lt die Unterputzdose ihr gutes Aussehen.<\/p>\n","protected":false},"excerpt":{"rendered":"<p>Praktisch &#8211; Internet- und Telefondose mit Schuko Steckdosen in einem einzigen Glasrahmen bieten Komfort, Funktionalit\u00e4t und Platzersparnis, was sie zu<\/p>\n","protected":false},"featured_media":2640,"comment_status":"open","ping_status":"closed","template":"","meta":{"om_disable_all_campaigns":false,"_monsterinsights_skip_tracking":false,"_monsterinsights_sitenote_active":false,"_monsterinsights_sitenote_note":"","_monsterinsights_sitenote_category":0},"product_brand":[],"product_cat":[129,133,87],"product_tag":[171,158,172],"class_list":{"0":"post-1950","1":"product","2":"type-product","3":"status-publish","4":"has-post-thumbnail","6":"product_cat-internet-dose","7":"product_cat-internet-telefon-dose","8":"product_cat-netzwerkdosen","9":"product_tag-dsl-dose","10":"product_tag-schwarz","11":"product_tag-telefon-dose","12":"pa_color-grau","13":"pa_color-schwarz","14":"pa_color-weis","16":"first","17":"instock","18":"shipping-taxable","19":"purchasable","20":"product-type-variable","21":"wvs-archive-product-wrapper"},"aioseo_notices":[],"_links":{"self":[{"href":"https:\/\/pulsar-deluxe.de\/index.php?rest_route=\/wp\/v2\/product\/1950","targetHints":{"allow":["GET"]}}],"collection":[{"href":"https:\/\/pulsar-deluxe.de\/index.php?rest_route=\/wp\/v2\/product"}],"about":[{"href":"https:\/\/pulsar-deluxe.de\/index.php?rest_route=\/wp\/v2\/types\/product"}],"replies":[{"embeddable":true,"href":"https:\/\/pulsar-deluxe.de\/index.php?rest_route=%2Fwp%2Fv2%2Fcomments&post=1950"}],"version-history":[{"count":6,"href":"https:\/\/pulsar-deluxe.de\/index.php?rest_route=\/wp\/v2\/product\/1950\/revisions"}],"predecessor-version":[{"id":4276,"href":"https:\/\/pulsar-deluxe.de\/index.php?rest_route=\/wp\/v2\/product\/1950\/revisions\/4276"}],"wp:featuredmedia":[{"embeddable":true,"href":"https:\/\/pulsar-deluxe.de\/index.php?rest_route=\/wp\/v2\/media\/2640"}],"wp:attachment":[{"href":"https:\/\/pulsar-deluxe.de\/index.php?rest_route=%2Fwp%2Fv2%2Fmedia&parent=1950"}],"wp:term":[{"taxonomy":"product_brand","embeddable":true,"href":"https:\/\/pulsar-deluxe.de\/index.php?rest_route=%2Fwp%2Fv2%2Fproduct_brand&post=1950"},{"taxonomy":"product_cat","embeddable":true,"href":"https:\/\/pulsar-deluxe.de\/index.php?rest_route=%2Fwp%2Fv2%2Fproduct_cat&post=1950"},{"taxonomy":"product_tag","embeddable":true,"href":"https:\/\/pulsar-deluxe.de\/index.php?rest_route=%2Fwp%2Fv2%2Fproduct_tag&post=1950"}],"curies":[{"name":"wp","href":"https:\/\/api.w.org\/{rel}","templated":true}]}}